tor of 56 and 21.
7
What is the greatest common divisor of 128 and 432?
16
What is the highest common divisor of 39 and 432?
3
Calculate the highest common factor of 3555 and 3792.
237
Calculate the greatest common divisor of 21 and 672.
21
Calculate the greatest common divisor of 966 and 28.
14
Calculate the greatest common factor of 98 and 42.
14
Calculate the greatest common divisor of 1078 and 1666.
98
Calculate the greatest common divisor of 519 and 75.
3
Calculate the highest common divisor of 658 and 141.
47
Calculate the greatest common divisor of 148 and 24.
4
Calculate the highest common divisor of 28 and 12782.
14
What is the highest common factor of 279 and 6?
3
Calculate the greatest common factor of 1254 and 171.
57
What is the highest common divisor of 40 and 3824?
8
Calculate the greatest common divisor of 1 and 125.
1
Calculate the greatest common divisor of 351 and 234.
117
What is the greatest common divisor of 259 and 28?
7
Calculate the highest common factor of 88 and 11.
11
Calculate the greatest common divisor of 9 and 279.
9
What is the greatest common divisor of 368 and 69?
23
Calculate the greatest common divisor of 1246 and 14.
14
What is the greatest common factor of 5566 and 484?
242
Calculate the highest common factor of 704 and 308.
44
Calculate the highest common factor of 12 and 2916.
12
Calculate the greatest common divisor of 37 and 296.
37
Calculate the greatest common divisor of 23 and 161.
23
What is the highest common factor of 77 and 1463?
77
What is the greatest common factor of 345 and 495?
15
Calculate the highest common divisor of 96 and 48480.
96
What is the greatest common divisor of 40 and 13880?
40
What is the greatest common divisor of 66 and 7128?
66
What is the greatest common divisor of 3886 and 2146?
58
Calculate the highest common factor of 203 and 145.
29
Calculate the highest common factor of 6699 and 33.
33
Calculate the highest common divisor of 962 and 222.
74
Calculate the highest common divisor of 47 and 47.
47
What is the highest common factor of 13 and 1651?
13
What is the greatest common divisor of 22 and 2519?
11
What is the greatest common divisor of 275 and 75?
25
Calculate the highest common divisor of 380 and 250.
10
What is the highest common divisor of 42 and 70?
14
What is the highest common factor of 42 and 4347?
21
Calculate the highest common factor of 972 and 3996.
108
Calculate the highest common divisor of 24 and 588.
12
What is the greatest common factor of 779 and 133?
19
Calculate the highest common divisor of 830 and 10.
10
Calculate the greatest common divisor of 144 and 228.
12
What is the highest common divisor of 29 and 87?
29
Calculate the greatest common factor of 376 and 3713.
47
Calculate the highest common divisor of 31 and 1147.
31
What is the greatest common factor of 25980 and 180?
60
What is the highest common divisor of 24 and 744?
24
What is the greatest common divisor of 1864 and 64?
8
Calculate the greatest common factor of 36 and 46116.
36
What is the highest common divisor of 1000 and 1400?
200
Calculate the greatest common divisor of 70 and 590.
10
Calculate the greatest common divisor of 1463 and 8987.
209
Calculate the highest common divisor of 133 and 665.
133
What is the greatest common divisor of 5977 and 430?
43
What is the highest common divisor of 24 and 7512?
24
Calculate the greatest common factor of 38 and 24719.
19
Calculate the greatest common factor of 84 and 266.
14
What is the greatest common factor of 1190 and 4046?
238
Calculate the greatest common divisor of 24 and 7044.
12
Calculate the greatest common divisor of 2556 and 72.
36
Calculate the highest common divisor of 81 and 9.
9
Calculate the greatest common divisor of 28 and 7.
7
Calculate the highest common factor of 9 and 723.
3
Calculate the greatest common factor of 108 and 1068.
12
What is the greatest common factor of 4898 and 186?
62
What is the highest common factor of 18 and 2421?
9
Calculate the highest common factor of 93 and 682.
31
What is the greatest common factor of 158 and 58381?
79
What is the greatest common divisor of 38 and 1634?
38
Calculate the greatest common factor of 459 and 17.
17
What is the highest common divisor of 261 and 26883?
261
Calculate the greatest common divisor of 37656 and 12.
12
Calculate the highest common factor of 86 and 176.
2
What is the highest common divisor of 1692 and 36?
36
Calculate the greatest common factor of 270 and 210.
30
What is the highest common divisor of 21 and 1113?
21
What is the highest common divisor of 48 and 48?
48
Calculate the greatest common divisor of 740 and 60.
20
What is the highest common divisor of 46 and 736?
46
Calculate the greatest common divisor of 30 and 36030.
30
Calculate the greatest common divisor of 11 and 7.
1
Calculate the greatest common factor of 274 and 40552.
274
Calculate the highest common divisor of 6933 and 3.
3
Calculate the highest common divisor of 10 and 614.
2
Calculate the highest common factor of 45 and 375.
15
Calculate the highest common divisor of 99 and 121.
11
What is the greatest common factor of 252 and 5103?
63
What is the greatest common divisor of 252 and 1148?
28
Calculate the greatest common divisor of 108 and 135.
27
What is the greatest common factor of 1547 and 14?
7
What is the highest common divisor of 20 and 860?
20
Calculate the highest common divisor of 742 and 14.
14
Calculate the greatest common divisor of 12425 and 50.
25
Calculate the highest common divisor of 325 and 200.
25
What is the highest common divisor of 35 and 56?
7
Calculate the highest common divisor of 11 and 1166.
11
Calculate the highest common factor of 46 and 851.
23
Calculate the greatest common factor of 201 and 134.
67
Calculate the greatest common factor of 17 and 1.
1
Calculate the highest common factor of 33 and 33.
33
Calculate the highest common factor of 154 and 132.
22
Calculate the highest common factor of 16 and 1808.
16
What is the greatest common divisor of 1644 and 468?
12
What is the greatest common divisor of 924 and 165?
33
Calculate the greatest common divisor of 1660 and 498.
166
Calculate the greatest common divisor of 12 and 480.
12
What is the greatest common divisor of 495 and 375?
15
What is the highest common factor of 2050 and 20?
10
What is the highest common factor of 84 and 42?
42
What is the greatest common factor of 384 and 3084?
12
Calculate the highest common factor of 26 and 34502.
26
What is the greatest common divisor of 30 and 75?
15
What is the greatest common divisor of 98 and 441?
49
What is the greatest common divisor of 480 and 15?
15
Calculate the highest common factor of 266 and 28.
14
Calculate the greatest common factor of 30 and 960.
30
What is the highest common factor of 72072 and 182?
182
What is the highest common factor of 384 and 3?
3
Calculate the highest common divisor of 10269 and 189.
63
Calculate the highest common divisor of 65 and 25.
5
What is the greatest common divisor of 124 and 14?
2
What is the highest common divisor of 42 and 798?
42
What is the greatest common factor of 30 and 12?
6
What is the highest common factor of 7376 and 4149?
461
Calculate the greatest common factor of 4 and 336.
4
What is the greatest common factor of 4 and 19?
1
What is the greatest common divisor of 1541 and 67?
67
Calculate the greatest common factor of 69 and 6.
3
What is the greatest common factor of 798 and 1064?
266
Calculate the greatest common divisor of 23337 and 9.
9
What is the highest common factor of 10403 and 101?
101
Calculate the highest common factor of 6749 and 3970.
397
Calculate the greatest common divisor of 1992 and 24.
24
What is the highest common factor of 175 and 50?
25
Calculate the greatest common factor of 5 and 450.
5
What is the greatest common divisor of 30 and 375?
15
Calculate the highest common divisor of 17 and 1088.
17
Calculate the highest common factor of 64 and 4672.
64
What is the greatest common factor of 26 and 858?
26
Calculate the highest common factor of 837 and 186.
93
Calculate the highest common divisor of 48 and 624.
48
What is the highest common divisor of 15528 and 12?
12
Calculate the greatest common divisor of 110 and 935.
55
What is the highest common factor of 50 and 225?
